What is 68 (base 13) in base 11?
79
Convert 3 (base 4) to base 8.
3
What is -1 (base 9) in base 6?
-1
-36 (base 11) to base 14
-2b
What is -1 (base 3) in base 14?
-1
What is -10010111 (base 2) in base 4?
-2113
What is 364 (base 8) in base 9?
301
Convert 30 (base 7) to base 2.
10101
-26 (base 12) to base 8
-36
-64 (base 14) to base 10
-88
-11 (base 6) to base 12
-7
2 (base 3) to base 15
2
What is -3 (base 4) in base 5?
-3
Convert 9 (base 15) to base 11.
9
-213 (base 5) to base 13
-46
What is -1 (base 3) in base 10?
-1
1120 (base 4) to base 8
130
What is 433 (base 5) in base 14?
86
What is -3 (base 8) in base 9?
-3
What is 2 (base 16) in base 5?
2
Convert d (base 14) to base 11.
12
-2 (base 4) to base 15
-2
42 (base 5) to base 15
17
Convert 54 (base 7) to base 4.
213
What is -d (base 15) in base 2?
-1101
Convert 15 (base 7) to base 2.
1100
Convert 32 (base 6) to base 5.
40
Convert 363 (base 8) to base 15.
113
-2 (base 8) to base 13
-2
What is -2 (base 7) in base 3?
-2
Convert 3 (base 4) to base 6.
3
What is -3 (base 7) in base 5?
-3
Convert 3 (base 13) to base 10.
3
-17 (base 9) to base 12
-14
2 (base 3) to base 9
2
48 (base 10) to base 11
44
What is 110 (base 4) in base 8?
24
What is 10 (base 5) in base 6?
5
What is -340 (base 8) in base 2?
-11100000
What is 134 (base 5) in base 11?
40
202 (base 6) to base 12
62
-3 (base 13) to base 11
-3
0 (base 5) to base 16
0
110020 (base 3) to base 14
198
-62 (base 7) to base 16
-2c
Convert b (base 13) to base 15.
b
Convert 1304 (base 5) to base 16.
cc
-1 (base 8) to base 5
-1
Convert -243 (base 5) to base 13.
-58
4 (base 10) to base 6
4
Convert -1 (base 6) to base 13.
-1
What is 52 (base 7) in base 14?
29
-147 (base 10) to base 11
-124
e (base 15) to base 13
11
0 (base 2) to base 13
0
Convert -13 (base 9) to base 8.
-14
1 (base 8) to base 12
1
68 (base 14) to base 5
332
-13 (base 5) to base 13
-8
-5 (base 6) to base 8
-5
Convert -4 (base 9) to base 2.
-100
What is 202 (base 3) in base 15?
15
-1 (base 4) to base 13
-1
-8 (base 9) to base 15
-8
What is -2 (base 9) in base 10?
-2
Convert -15 (base 7) to base 8.
-14
10010 (base 2) to base 14
14
-222 (base 3) to base 13
-20
-97 (base 13) to base 7
-235
What is 2 (base 7) in base 15?
2
Convert -21 (base 12) to base 9.
-27
1010 (base 3) to base 2
11110
What is 43 (base 11) in base 7?
65
Convert 3 (base 16) to base 7.
3
What is 1b8 (base 13) in base 15?
165
Convert 14 (base 16) to base 5.
40
c (base 14) to base 13
c
-8 (base 13) to base 7
-11
Convert 0 (base 3) to base 16.
0
What is 42 (base 5) in base 10?
22
What is cb (base 14) in base 10?
179
Convert -1 (base 11) to base 4.
-1
Convert 3 (base 15) to base 14.
3
-1 (base 15) to base 3
-1
Convert 2 (base 12) to base 15.
2
Convert -43 (base 5) to base 15.
-18
Convert 189 (base 11) to base 16.
da
-1 (base 15) to base 8
-1
What is 7 (base 15) in base 16?
7
Convert -7 (base 10) to base 9.
-7
8 (base 12) to base 2
1000
What is 2110 (base 3) in base 14?
4a
-48 (base 9) to base 15
-2e
-53 (base 8) to base 14
-31
What is 153 (base 7) in base 9?
106
1 (base 8) to base 14
1
Convert 2 (base 8) to base 9.
2
What is -1 (base 9) in base 7?
-1
-10000 (base 2) to base 5
-31
What is -2 (base 7) in base 12?
-2
-29 (base 10) to base 5
-104
Convert -19 (base 10) to base 2.
-10011
What is -111 (base 2) in base 4?
-13
Convert 3 (base 11) to base 2.
11
What is b (base 15) in base 10?
11
What is -9 (base 15) in base 9?
-10
Convert -304 (base 5) to base 16.
-4f
Convert -3 (base 13) to base 5.
-3
What is 1 (base 14) in base 8?
1
1 (base 12) to base 3
1
What is 44 (base 5) in base 14?
1a
100111110 (base 2) to base 10
318
What is 27 (base 12) in base 4?
133
What is 58 (base 15) in base 7?
146
Convert 3 (base 16) to base 12.
3
Convert -119 (base 14) to base 6.
-1003
What is -7 (base 11) in base 5?
-12
What is -2 (base 6) in base 2?
-10
What is d (base 16) in base 14?
d
Convert -111111 (base 2) to base 14.
-47
-1334 (base 5) to base 13
-13b
-66 (base 10) to base 9
-73
0 (base 9) to base 13
0
-9 (base 10) to base 16
-9
What is -8 (base 13) in base 4?
-20
What is -11 (base 15) in base 11?
-15
Convert -4 (base 12) to base 6.
-4
What is 22 (base 14) in base 3?
1010
Convert 0 (base 5) to base 6.
0
Convert 1020 (base 4) to base 13.
57
6 (base 13) to base 7
6
Convert -340 (base 8) to base 6.
-1012
What is 15 (base 9) in base 7?
20
-5 (base 16) to base 2
-101
1 (base 15) to base 6
1
10112 (base 3) to base 10
95
44 (base 9) to base 14
2c
What is 25 (base 7) in base 6?
31
2 (base 16) to base 4
2
Convert 24 (base 13) to base 6.
50
Convert 166 (base 9) to base 3.
12020
What is -8 (base 13) in base 3?
-22
Convert -2 (base 12) to base 5.
-2
What is 4 (base 14) in base 16?
4
Convert 0 (base 6) to base 11.
0
Convert 5c (base 16) to base 14.
68
Convert 34 (base 12) to base 8.
50
Convert 111 (base 2) to base 15.
7
What is 1 (base 8) in base 9?
1
Convert -2b (base 14) to base 15.
-29
-20 (base 11) to base 10
-22
What is -2b (base 12) in base 11?
-32
Convert 14 (base 6) to base 3.
101
What is -2c (base 13) in base 2?
-100110
Convert -9 (base 16) to base 15.
-9
-17 (base 12) to base 6
-31
What is 9 (base 12) in base 3?
100
4 (base 5) to base 2
100
Convert 10 (base 16) to base 14.
12
Convert -5 (base 7) to base 16.
-5
Convert 0 (base 3) to base 4.
0
What is -10 (base 2) in base 16?
-2
Convert -5 (base 9) to base 12.
-5
1f (base 16) to base 15
21
What is 18 (base 12) in base 13?
17
What is -100 (base 2) in base 11?
-4
-14 (base 7) to base 16
-b
What is -16 (base 11) in base 15?
-12
Convert 25 (base 6) to base 15.
12
What is 26 (base 15) in base 4?
210
What is 3 (base 4) in base 15?
3
-10 (base 2) to base 16
-2
What is 4 (base 13) in base 2?
100
2 (base 15) to base 11
2
Convert -21 (base 6) to base 12.
-11
What is -15 (base 15) in base 16?
-14
-423 (base 6) to base 7
-315
What is 1 (base 16) in base 7?
1
Convert -2 (base 6) to base 12.
-2
Convert -4 (base 11) to base 4.
-10
Convert -2022 (base 3) to base 9.
-68
Convert 0 (base 4) to base 7.
0
1 (base 16) to base 11
1
Convert -5 (base 10) to base 16.
-5
1103 (base 4) to base 9
102
What is 3 (base 16) in base 9?
3
What is -136 (base 10) in base 2?
-10001000
-6 (base 16) to base 11
-6
161 (base 11) to base 7
356
-6 (base 9) to base 8
-6
-112 (base 4) to base 10
-22
Convert 100011 (base 2) to base 16.
23
What is 64 (base 8) in base 12?
44
-1 (base 2) to base 12
-1
What is 3 (base 9) in base 7?
3
Convert -101000 (base 2) to base 7.
-55
What is 0 (base 8) in base 12?
0
Convert -63 (base 9) to base 15.
-3c
Convert 1 (base 3) to base 12.
1
-2 (base 15) to base 2
-10
144 (base 5) to base 16
31
Convert 84 (base 15) to base 5.
444
Convert 120 (base 5) to base 6.
55
Convert 77 (base 8) to base 3.
2100
3 (base 13) to base 6
3
0 (base 13) to base 16
0
Convert -5 (base 11) to base 9.
-5
0 (base 13) to base 9
0
What is -13 (base 7) in base 15?
-a
What is -2 (base 14) in base 11?
-2
Convert -1 (base 6) to base 4.
-1
Convert -4 (base 13) to base 10.
-4
What is -10 (base 5) in base 6?
-5
What is 2 (base 8) in base 10?
2
What is -3 (base 12) in base 10?
-3
Convert 43 (base 9) to base 10.
39
What is -2 (base 3) in base 2?
-10
Convert -104 (base 14) to base 7.
-404
Convert -260 (base 8) to base 12.
-128
Convert -22 (base 11) to base 2.
-11000
-3c (base 15) to base 4
-321
bd (base 15) to base 16
b2
Convert 3 (base 12) to base 4.
3
Convert a (base 12) to base 16.
a
0 (base 4) to base 9
0
Convert 1121 (base 3) to base 9.
47
Convert 48 (base 9) to base 16.
2c
What is -11a (base 15) in base 5?
-2000
Convert -8 (base 10) to base 14.
-8
Convert -33 (base 4) to base 12.
-13
Convert 2 (base 11) to base 2.
10
What is -7 (base 11) in base 14?
-7
Convert -336 (base 7) to base 16.
-ae
Convert -6 (base 8) to base 2.
-110
-3 (base 16) to base 7
-3
What is -1 (base 8) in base 5?
-1
What is -3 (base 4) in base 10?
-3
Convert 2 (base 4) to base 3.
2
What is -1a (base 12) in base 7?
-31
What is -12 (base 9) in base 14?
-b
Convert -100 (base 4) to base 2.
-10000
What is 6 (base 12) in base 10?
6
Convert 3 (base 13) to base 15.
3
-122 (base 5) to base 6
-101
Convert -17 (base 11) to base 5.
-33
What is -1 (base 8) in base 7?
-1
Convert -10 (base 4) to base 10.
-4
What is -1 (base 11) in base 10?
-1
Convert 2 (base 10) to base 2.
10
Convert -8 (base 9) to